he highest common factor of 20 and 556970.
10
Calculate the highest common factor of 17864 and 131978.
154
What is the highest common factor of 929287 and 9670?
967
What is the highest common factor of 111 and 10573971?
111
Calculate the highest common divisor of 1617 and 22407.
231
What is the greatest common divisor of 44936 and 685?
137
What is the greatest common factor of 53 and 10870459?
53
What is the greatest common factor of 1377079 and 69?
23
Calculate the highest common divisor of 37177 and 64862.
791
What is the highest common divisor of 59 and 794317?
59
What is the highest common factor of 45 and 6135?
15
What is the greatest common factor of 104 and 4232?
8
Calculate the greatest common divisor of 28912 and 64.
16
What is the greatest common factor of 120 and 3488?
8
What is the highest common divisor of 80581 and 5978?
61
What is the highest common factor of 108 and 2750004?
108
Calculate the greatest common divisor of 337623 and 624.
39
What is the highest common divisor of 79605 and 580?
145
Calculate the highest common divisor of 7176 and 429.
39
What is the greatest common divisor of 94 and 56494?
94
What is the highest common divisor of 84473 and 510?
17
Calculate the highest common divisor of 10 and 1299190.
10
Calculate the highest common divisor of 318689 and 1113.
371
Calculate the highest common factor of 120 and 217830.
30
Calculate the greatest common divisor of 4830 and 826.
14
What is the greatest common divisor of 506539 and 11?
11
Calculate the greatest common divisor of 8007 and 1190.
17
Calculate the highest common factor of 236982 and 102.
6
What is the greatest common divisor of 14958 and 594?
54
What is the greatest common factor of 395 and 115735?
395
Calculate the greatest common divisor of 60353 and 1.
1
What is the highest common factor of 25143 and 116?
29
Calculate the highest common factor of 2541 and 1909017.
363
Calculate the greatest common factor of 4824 and 747.
9
What is the highest common divisor of 49 and 25851?
7
What is the greatest common factor of 109214 and 3654?
406
Calculate the greatest common divisor of 1943556 and 3874.
298
What is the highest common divisor of 256 and 118?
2
What is the highest common divisor of 231 and 3773?
77
Calculate the greatest common factor of 308 and 1839068.
308
Calculate the greatest common factor of 67773 and 3857.
551
Calculate the highest common factor of 434436 and 24.
12
What is the greatest common factor of 315 and 736845?
15
What is the greatest common divisor of 237532 and 301?
43
Calculate the highest common factor of 44408 and 10309.
793
What is the highest common factor of 10064 and 31824?
272
Calculate the greatest common divisor of 1930 and 470534.
386
Calculate the highest common divisor of 300 and 3180.
60
Calculate the greatest common factor of 235440 and 40.
40
What is the greatest common factor of 2679 and 2058365?
893
What is the greatest common factor of 46 and 142094?
46
What is the highest common divisor of 980 and 40229?
49
What is the greatest common divisor of 82340 and 5012?
716
What is the greatest common factor of 140924 and 3595?
719
What is the highest common factor of 130913 and 41?
41
What is the highest common divisor of 1541 and 125143?
23
Calculate the greatest common factor of 104664 and 30.
6
What is the highest common factor of 432 and 328968?
216
Calculate the greatest common divisor of 5152 and 483.
161
Calculate the highest common divisor of 1008 and 11184.
48
What is the highest common factor of 41529 and 218?
109
Calculate the highest common divisor of 5551 and 1891.
61
What is the highest common factor of 6928 and 282749?
433
Calculate the greatest common divisor of 102960 and 143.
143
What is the greatest common factor of 3113091 and 459?
153
Calculate the highest common factor of 18862 and 68.
2
What is the highest common factor of 13566649 and 317?
317
Calculate the highest common divisor of 8 and 104264.
8
Calculate the highest common divisor of 21218 and 618.
206
What is the greatest common divisor of 511 and 37121?
7
Calculate the highest common factor of 120 and 115800.
120
Calculate the highest common factor of 553 and 567.
7
Calculate the highest common divisor of 16 and 5796240.
16
Calculate the greatest common factor of 392 and 253232.
392
Calculate the greatest common divisor of 24 and 3589968.
24
What is the highest common factor of 282 and 11092?
94
Calculate the greatest common factor of 141 and 138180.
141
What is the greatest common divisor of 1325 and 5062825?
1325
What is the greatest common factor of 40 and 1453736?
8
Calculate the highest common factor of 370 and 702852.
74
Calculate the highest common factor of 37 and 9154577.
37
Calculate the greatest common factor of 4509 and 313793.
167
Calculate the greatest common divisor of 309 and 28531.
103
What is the highest common divisor of 345 and 32295?
15
Calculate the highest common factor of 164 and 5642092.
164
Calculate the highest common divisor of 192 and 2448832.
64
Calculate the greatest common factor of 222378 and 78.
78
Calculate the highest common factor of 324974 and 431.
431
What is the greatest common factor of 4446 and 39026?
494
Calculate the greatest common divisor of 128212 and 34048.
532
Calculate the highest common factor of 1587 and 3427.
23
What is the highest common divisor of 219360 and 192?
96
What is the highest common divisor of 29160 and 10440?
360
Calculate the greatest common divisor of 274 and 203993.
137
What is the highest common factor of 561512 and 3367?
259
Calculate the highest common factor of 14136 and 95232.
744
Calculate the greatest common factor of 109617 and 61.
61
What is the greatest common factor of 627 and 410883?
33
What is the highest common divisor of 23155 and 495?
55
Calculate the greatest common factor of 957879 and 351.
351
Calculate the greatest common divisor of 253139 and 489.
163
Calculate the greatest common factor of 5093 and 2849.
11
What is the greatest common divisor of 11352 and 1806?
258
What is the highest common factor of 664 and 7526108?
332
What is the greatest common factor of 194 and 350?
2
What is the greatest common factor of 1480 and 195?
5
Calculate the highest common factor of 301084 and 140.
28
What is the greatest common divisor of 9842 and 3182?
74
What is the highest common divisor of 783 and 47067?
87
Calculate the highest common factor of 832 and 342602.
26
What is the greatest common divisor of 7425 and 19525?
275
Calculate the greatest common divisor of 54861 and 6.
3
Calculate the highest common divisor of 1872 and 1345032.
936
Calculate the highest common divisor of 98 and 945434.
14
What is the greatest common factor of 63 and 487389?
21
Calculate the greatest common factor of 33952 and 32.
32
What is the greatest common factor of 8329920 and 10?
10
What is the greatest common factor of 193875 and 110?
55
What is the greatest common divisor of 20358 and 16182?
522
Calculate the highest common factor of 245 and 22645.
35
Calculate the highest common divisor of 42 and 3066.
42
What is the highest common divisor of 498501 and 666?
333
What is the greatest common divisor of 273 and 821499?
21
Calculate the highest common factor of 1360 and 68918.
34
Calculate the greatest common factor of 63452 and 696.
116
Calculate the greatest common factor of 65 and 29159.
13
What is the greatest common divisor of 8 and 1234680?
8
What is the greatest common factor of 560128 and 547?
547
Calculate the greatest common divisor of 4509 and 2839.
167
Calculate the highest common factor of 8697 and 312.
39
What is the greatest common factor of 3 and 40771?
1
Calculate the greatest common factor of 4552 and 1152.
8
Calculate the greatest common factor of 3730 and 250.
10
What is the greatest common factor of 63346 and 950?
38
What is the greatest common divisor of 8412 and 27924?
12
Calculate the highest common divisor of 13623 and 152.
19
What is the greatest common divisor of 97464 and 131?
131
Calculate the greatest common divisor of 22126 and 2886.
962
Calculate the greatest common divisor of 121 and 225709.
11
Calculate the greatest common factor of 8110 and 160.
10
Calculate the greatest common factor of 1740335 and 655.
655
What is the highest common divisor of 666 